{"id":325,"date":"2019-02-08T17:34:35","date_gmt":"2019-02-08T17:34:35","guid":{"rendered":"http:\/\/test01.tedis-gmbh.de\/?page_id=325"},"modified":"2021-01-23T18:15:12","modified_gmt":"2021-01-23T17:15:12","slug":"pruefungen-dguv","status":"publish","type":"page","link":"http:\/\/tedis-gmbh.de\/?page_id=325","title":{"rendered":"Pr\u00fcfungen (DGUV\/UVV)"},"content":{"rendered":"\n<div class=\"wp-block-image\"><figure class=\"alignright is-resized\"><img loading=\"lazy\" src=\"http:\/\/tedis-gmbh.de\/wp-content\/uploads\/2020\/05\/regeln_vorschriften_gesetze_tedis_gmbh.png\" alt=\"\" class=\"wp-image-802\" width=\"281\" height=\"103\" srcset=\"http:\/\/tedis-gmbh.de\/wp-content\/uploads\/2020\/05\/regeln_vorschriften_gesetze_tedis_gmbh.png 799w, http:\/\/tedis-gmbh.de\/wp-content\/uploads\/2020\/05\/regeln_vorschriften_gesetze_tedis_gmbh-768x285.png 768w\" sizes=\"(max-width: 281px) 100vw, 281px\" \/><\/figure><\/div>\n\n\n\n<p>Der\nGesetzgeber, die Berufsgenossenschaften und die Produkthersteller schreiben zur\nGew\u00e4hrleistung der Sicherheit wiederkehrende Pr\u00fcfungen der entsprechenden\nBetriebsmittel vor. Diese f\u00fchren wir entsprechend den Vorschriften und Regeln\nmit unseren Sachkundigen-Zulassungen f\u00fcr sie durch.<\/p>\n\n\n\n<p><a href=\"http:\/\/test01.tedis-gmbh.de\/?page_id=168\">Fragen sie uns an, wir k\u00f6nnen Ihnen helfen.<\/a><\/p>\n\n\n\n<div class=\"wp-block-image\"><figure class=\"alignright is-resized\"><img loading=\"lazy\" src=\"http:\/\/test01.tedis-gmbh.de\/wp-content\/uploads\/2019\/02\/checkliste.jpg\" alt=\"\" class=\"wp-image-326\" width=\"291\" height=\"194\" srcset=\"http:\/\/tedis-gmbh.de\/wp-content\/uploads\/2019\/02\/checkliste.jpg 622w, http:\/\/tedis-gmbh.de\/wp-content\/uploads\/2019\/02\/checkliste-300x200.jpg 300w\" sizes=\"(max-width: 291px) 100vw, 291px\" \/><\/figure><\/div>\n\n\n\n<p>Wir erstellen f\u00fcr jedes gepr\u00fcfte Betriebsmittel einen Pr\u00fcfbericht und halten hier eventuelle M\u00e4ngel f\u00fcr Sie fest. Selbstst\u00e4ndig informieren wir Sie bei wesentlicher Beeintr\u00e4chtigung der Betriebssichheit. Anschlie\u00dfend bieten wir Ihnen die fachgerechte Beseitigung der M\u00e4ngel an.<\/p>\n\n\n\n<div class=\"wp-block-columns has-2-columns\">\n<div class=\"wp-block-column\">\n<p><\/p>\n<\/div>\n\n\n\n<div class=\"wp-block-column\"><\/div>\n<\/div>\n\n\n\n<div style=\"height:20px\" aria-hidden=\"true\" class=\"wp-block-spacer\"><\/div>\n\n\n\n<div class=\"wp-block-image\"><figure class=\"alignright is-resized\"><img loading=\"lazy\" src=\"http:\/\/test01.tedis-gmbh.de\/wp-content\/uploads\/2019\/02\/Pr\u00fcfen_Tedis_Portalkran.jpg\" alt=\"\" class=\"wp-image-355\" width=\"291\" height=\"388\" srcset=\"http:\/\/tedis-gmbh.de\/wp-content\/uploads\/2019\/02\/Pr\u00fcfen_Tedis_Portalkran.jpg 455w, http:\/\/tedis-gmbh.de\/wp-content\/uploads\/2019\/02\/Pr\u00fcfen_Tedis_Portalkran-225x300.jpg 225w\" sizes=\"(max-width: 291px) 100vw, 291px\" \/><\/figure><\/div>\n\n\n\n<h2>Wir pr\u00fcfen f\u00fcr Sie:<\/h2>\n\n\n\n<ul><li>Krane, Kettenz\u00fcge, Hebezeuge und Lastaufnahmemittel<\/li><li>T\u00fcren und Tore; auch Branschutzt\u00fcren und -tore<\/li><li>Hydraulikanlagen f\u00fcr Hebe- und Antriebstechnik<\/li><li>RWA Rauch-, W\u00e4rme-, und Abzugsanlagen <\/li><li>Dreht\u00fcren, Automatik-Schiebet\u00fcren<\/li><li>Zutrittskontrolle und Drehkreuze<\/li><li>Parkpaletten und Stapelparker<\/li><li> Parkanlagen und Schranken <\/li><li>Tritte und Leitern <\/li><li>Handhubwagen<\/li><li>Regalanlagen <\/li><\/ul>\n\n\n\n<p><\/p>\n","protected":false},"excerpt":{"rendered":"<p>Der Gesetzgeber, die Berufsgenossenschaften und die Produkthersteller schreiben zur Gew\u00e4hrleistung der Sicherheit wiederkehrende Pr\u00fcfungen der entsprechenden Betriebsmittel vor. Diese f\u00fchren wir entsprechend den Vorschriften und Regeln mit unseren Sachkundigen-Zulassungen f\u00fcr sie durch. Fragen sie uns an, wir k\u00f6nnen Ihnen helfen. Wir erstellen f\u00fcr jedes gepr\u00fcfte Betriebsmittel einen Pr\u00fcfbericht und halten hier eventuelle M\u00e4ngel f\u00fcr Sie &#8230; <a title=\"Pr\u00fcfungen (DGUV\/UVV)\" class=\"read-more\" href=\"http:\/\/tedis-gmbh.de\/?page_id=325\">Read more<\/a><\/p>\n","protected":false},"author":1,"featured_media":0,"parent":0,"menu_order":0,"comment_status":"closed","ping_status":"closed","template":"","meta":[],"_links":{"self":[{"href":"http:\/\/tedis-gmbh.de\/index.php?rest_route=\/wp\/v2\/pages\/325"}],"collection":[{"href":"http:\/\/tedis-gmbh.de\/index.php?rest_route=\/wp\/v2\/pages"}],"about":[{"href":"http:\/\/tedis-gmbh.de\/index.php?rest_route=\/wp\/v2\/types\/page"}],"author":[{"embeddable":true,"href":"http:\/\/tedis-gmbh.de\/index.php?rest_route=\/wp\/v2\/users\/1"}],"replies":[{"embeddable":true,"href":"http:\/\/tedis-gmbh.de\/index.php?rest_route=%2Fwp%2Fv2%2Fcomments&post=325"}],"version-history":[{"count":16,"href":"http:\/\/tedis-gmbh.de\/index.php?rest_route=\/wp\/v2\/pages\/325\/revisions"}],"predecessor-version":[{"id":816,"href":"http:\/\/tedis-gmbh.de\/index.php?rest_route=\/wp\/v2\/pages\/325\/revisions\/816"}],"wp:attachment":[{"href":"http:\/\/tedis-gmbh.de\/index.php?rest_route=%2Fwp%2Fv2%2Fmedia&parent=325"}],"curies":[{"name":"wp","href":"https:\/\/api.w.org\/{rel}","templated":true}]}}