{"id":147,"date":"2019-01-17T20:27:49","date_gmt":"2019-01-17T20:27:49","guid":{"rendered":"http:\/\/test01.tedis-gmbh.de\/?page_id=147"},"modified":"2021-01-23T18:19:48","modified_gmt":"2021-01-23T17:19:48","slug":"reparieren","status":"publish","type":"page","link":"http:\/\/tedis-gmbh.de\/?page_id=147","title":{"rendered":"Reparieren"},"content":{"rendered":"\n<p>Die Fa. TEDIS GmbH f\u00fchrt herstellerunabh\u00e4ngig kleinere Reparaturen sowie auch umfangreichere Instandsetzungs- und Umbauarbeiten in all unseren Einsatzbereichen aus. Hier setzen wir soweit noch lieferbar Originalersatzteile ein.\u00a0\u200b<\/p>\n\n\n\n<p>Auch f\u00fcr \u00e4ltere Betriebsmittel, wozu vom Hersteller keine Ersatzteile mehr lieferbar sind, finden wir L\u00f6sungen, diese mit Standardkomponenten von freien Lieferanten wieder betriebssicher instand zu setzen.\u200b<\/p>\n\n\n\n<hr class=\"wp-block-separator\"\/>\n\n\n\n<div class=\"wp-block-image\"><figure class=\"alignright is-resized\"><img loading=\"lazy\" src=\"http:\/\/test01.tedis-gmbh.de\/wp-content\/uploads\/2019\/02\/tedis_gmbh_werkzeug-1024x684.jpg\" alt=\"\" class=\"wp-image-502\" width=\"266\" height=\"177\" srcset=\"http:\/\/tedis-gmbh.de\/wp-content\/uploads\/2019\/02\/tedis_gmbh_werkzeug-1024x684.jpg 1024w, http:\/\/tedis-gmbh.de\/wp-content\/uploads\/2019\/02\/tedis_gmbh_werkzeug-300x200.jpg 300w, http:\/\/tedis-gmbh.de\/wp-content\/uploads\/2019\/02\/tedis_gmbh_werkzeug-768x513.jpg 768w, http:\/\/tedis-gmbh.de\/wp-content\/uploads\/2019\/02\/tedis_gmbh_werkzeug.jpg 1127w\" sizes=\"(max-width: 266px) 100vw, 266px\" \/><\/figure><\/div>\n\n\n\n<h3>1. Kleine Reparaturen direkt mit der DGUV-Pr\u00fcfung (UVV)<br><\/h3>\n\n\n\n<p>Je nach Kundenabstimmung k\u00f6nnen wir w\u00e4hrend der Pr\u00fcfaufgaben Kleinreparaturen und Einstellarbeiten durchf\u00fchren, damit einzelne M\u00e4ngel gleich behoben werden und nicht auf dem Pr\u00fcfbericht vermerkt werden m\u00fcssen.\u200b<br>Dies ist m\u00f6glich, da unsere Pr\u00fcfer ausgebildete Service-Monteure sind.\u200b<\/p>\n\n\n\n<hr class=\"wp-block-separator\"\/>\n\n\n\n<div class=\"wp-block-image\"><figure class=\"alignright is-resized\"><img loading=\"lazy\" src=\"http:\/\/test01.tedis-gmbh.de\/wp-content\/uploads\/2019\/02\/tedis_gmbh_reparatur-1024x677.jpg\" alt=\"\" class=\"wp-image-503\" width=\"266\" height=\"157\"\/><\/figure><\/div>\n\n\n\n<h3>2. Reparatur bei St\u00f6rungen oder Materialversagen<\/h3>\n\n\n\n<p>Nach Schadensmeldung wird unser Service-Monteur vor Ort das Problem n\u00e4her analysieren und individuell ben\u00f6tigte Materialkomponenten festlegen.<br>Wir reparieren hierbei elektrische Steuerungen und tauschen mechanische Bauteile aus.<\/p>\n\n\n\n<hr class=\"wp-block-separator\"\/>\n\n\n\n<div class=\"wp-block-image\"><figure class=\"alignright is-resized\"><img loading=\"lazy\" src=\"http:\/\/test01.tedis-gmbh.de\/wp-content\/uploads\/2019\/02\/tedis_gmbh_instandhaltung_umbauma\u00dfnahmen-1.jpg\" alt=\"\" class=\"wp-image-505\" width=\"266\" height=\"269\"\/><\/figure><\/div>\n\n\n\n<h3>3. Umbauma\u00dfnahmen<\/h3>\n\n\n\n<p>Je nach Kundenw\u00fcschen k\u00f6nnen wir auch Umbauma\u00dfnahmen an Kranen, Toren und weiteren Betriebsmitteln vornehmen. Hierzu erfolgt eine technische Pr\u00fcfung aller Gegebenheiten vor Ort: <br>z.B. Funkfernsteuerungen, Automatikbetrieb, Zeitschaltfunktionen und vieles mehr!<\/p>\n\n\n\n<div style=\"height:58px\" aria-hidden=\"true\" class=\"wp-block-spacer\"><\/div>\n\n\n\n<p><\/p>\n","protected":false},"excerpt":{"rendered":"<p>Die Fa. TEDIS GmbH f\u00fchrt herstellerunabh\u00e4ngig kleinere Reparaturen sowie auch umfangreichere Instandsetzungs- und Umbauarbeiten in all unseren Einsatzbereichen aus. Hier setzen wir soweit noch lieferbar Originalersatzteile ein.\u00a0\u200b Auch f\u00fcr \u00e4ltere Betriebsmittel, wozu vom Hersteller keine Ersatzteile mehr lieferbar sind, finden wir L\u00f6sungen, diese mit Standardkomponenten von freien Lieferanten wieder betriebssicher instand zu setzen.\u200b 1. Kleine &#8230; <a title=\"Reparieren\" class=\"read-more\" href=\"http:\/\/tedis-gmbh.de\/?page_id=147\">Read more<\/a><\/p>\n","protected":false},"author":1,"featured_media":0,"parent":0,"menu_order":0,"comment_status":"closed","ping_status":"closed","template":"","meta":[],"_links":{"self":[{"href":"http:\/\/tedis-gmbh.de\/index.php?rest_route=\/wp\/v2\/pages\/147"}],"collection":[{"href":"http:\/\/tedis-gmbh.de\/index.php?rest_route=\/wp\/v2\/pages"}],"about":[{"href":"http:\/\/tedis-gmbh.de\/index.php?rest_route=\/wp\/v2\/types\/page"}],"author":[{"embeddable":true,"href":"http:\/\/tedis-gmbh.de\/index.php?rest_route=\/wp\/v2\/users\/1"}],"replies":[{"embeddable":true,"href":"http:\/\/tedis-gmbh.de\/index.php?rest_route=%2Fwp%2Fv2%2Fcomments&post=147"}],"version-history":[{"count":10,"href":"http:\/\/tedis-gmbh.de\/index.php?rest_route=\/wp\/v2\/pages\/147\/revisions"}],"predecessor-version":[{"id":818,"href":"http:\/\/tedis-gmbh.de\/index.php?rest_route=\/wp\/v2\/pages\/147\/revisions\/818"}],"wp:attachment":[{"href":"http:\/\/tedis-gmbh.de\/index.php?rest_route=%2Fwp%2Fv2%2Fmedia&parent=147"}],"curies":[{"name":"wp","href":"https:\/\/api.w.org\/{rel}","templated":true}]}}